 w(-4). Let a be ((-3)/2)/((-2)/4). Let j(v) = 0*v - 1 - 4*v**a + v - 2*v. Give j(p).
4
Let d(z) = z - 4. Let w be d(-2). Let i(h) = -h**2 - 6*h - 7. Calculate i(w).
-7
Let k(q) be the second derivative of q**4/6 + 2*q**3/3 - q**2/2 - 10*q. Calculate k(-3).
5
Suppose 4*x - 48 = -4*x. Let z(h) = -2*h - 8. Calculate z(x).
-20
Let m(u) = -u + 16. Let g(i) = i - 11. Let z(n) = -7*g(n) - 5*m(n). Determine z(4).
-11
Suppose 0 = -0*u - 3*u + 9. Let w(l) = 2*l**2 - 5*l + 2. Give w(u).
5
Suppose 0*a - 2*a = -4. Let j = a + 2. Let v(f) = -3*f + 3. Give v(j).
-9
Let s(a) = a - 2*a + a**3 + 0*a + 2*a + 6 + 5*a**2. Suppose 4*f + 3*l + 6 = -5, 3*f + 4*l = -10. Let o be 3/((-3)/7) - f. Give s(o).
1
Let i(s) = -s**3 - 6*s**2 + 2*s + 7. Let t = -23 - -17. Give i(t).
-5
Let s(m) be the third derivative of m**4/24 + m**3/2 - 4*m**2. Give s(-4).
-1
Let b(l) = 3*l + 4. Let x be (24/15)/(1/5). Suppose 5*y + 28 = x. Calculate b(y).
-8
Suppose 4*l - 2*l - 6 = 0. Let v be (-1 + l)*(-6)/4. Let q(n) = -n - 1. Determine q(v).
2
Let w(f) = -f**3 + 10*f**2 - 2. Suppose -50 = -15*g + 100. Calculate w(g).
-2
Let q(i) be the third derivative of i**4/24 + 2*i**2. Suppose -30 = -3*j + 6*j. Let y = -5 - j. Calculate q(y).
5
Let a(n) = -n**2 - 5*n - 2. Let g be (-15*5/(-30))/(1/(-2)). Determine a(g).
-2
Suppose 0*m = 5*m. Suppose -4*x = -m*x - 12. Let h(y) = 6*y**2 + 3*y + x + 0*y**2 + 0*y**2 - 3*y**2. Give h(-2).
9
Let a be 74/14 + 6/(-21). Let y(z) = -9*z**3 - 5*z**2 - 5*z. Let v(c) = -10*c**3 - 6*c**2 - 6*c. Let j(t) = a*v(t) - 6*y(t). What is j(-1)?
-4
Let z be ((-2)/5)/((-3)/120). Suppose -s + 5*s - z = 0. Suppose -x + s = 3*x. Let m(r) = 3*r**3 - 2*r + 1. Calculate m(x).
2
Let g = 3 + 2. Let a(f) = 4*f**2 - f + 2. Let h(m) = m**2 - m - 1. Let p(r) = g*h(r) - a(r). Let v = 7 + -2. Give p(v).
-2
Let k(u) = u**3 + 2*u**2 - u. Let i be k(-2). Let y(r) = -3*r**2 - 2*r + 2*r**i - 1 + 6*r. Calculate y(3).
2
Let r = 4 - 5. Let u(g) = -g**3 - 11*g**2 - 9*g + 12. Let c be u(-10). Let o(k) = -5*k**2 + 6*k**3 + 3*k**c + k**2. Give o(r).
-7
Let p(o) = o**2 + 13*o + 12. Let n be p(-12). Let d(l) = -l + 16. What is d(n)?
16
Let r(n) be the first derivative of 2*n**2 - 3*n - 51. What is r(5)?
17
Let u = 86 - 91. Let t(v) = v**3 + 4*v**2 - 3*v - 3. Calculate t(u).
-13
Let j(i) be the first derivative of i**3/3 - i**2/2 + i - 67. What is j(2)?
3
Let v(a) = -a**3 + 4*a**2 - a + 5. Let m = 1 - -15. Let y = m - 10. Let k = 10 - y. Calculate v(k).
1
Let d(g) = 2*g**3 - g**2 + 3*g + 7. Let t(r) = -5*r**3 + 4*r**2 - 9*r - 21. Let s(f) = 8*d(f) + 3*t(f). Determine s(-5).
-17
Suppose -3*o = 4*c + 33, 0*c + 2*o = -2*c - 18. Let j(i) = 2*i - 2. Let v be j(3). Let f = v + c. Let s(u) = -u**2 + u. Determine s(f).
-6
Suppose 3 - 19 = -4*n. Let u = 0 - n. Let t(f) = -f**3 - 3*f**2 + 5*f + 2. What is t(u)?
-2
Let z(i) = -6*i - 3. Let n(s) = -4*s**2 + s + 2. Let d be n(-1). Determine z(d).
15
Let o(b) = -b**3 + b**2 - b + 1. Let x(r) = 3*r**3 - 14*r**2 - 5*r - 1. Let q(g) = -4*o(g) - x(g). Determine q(-9).
-3
Let t(x) = x**3 + 3*x**2 - 4*x + 1. Suppose -3*b + 3*k = 6, -b - 2*k = -5*k - 2. Calculate t(b).
1
Let k(c) = c**3 - 5*c**2 + 3*c + 2. Let d be k(4). Let b be -2*3*(6 + -7). Let z(a) = 3*a - 3 + 0 + 2*a**2 + b. What is z(d)?
5
Let r(b) be the first derivative of b**4/4 - 2*b**3/3 - b**2/2 - 2*b + 1. Let t(j) = 0 - 6 - 4*j + j + 3. Let i be t(-2). Calculate r(i).
4
Let c(l) = -3*l + 7. Let d(h) be the first derivative of h**2 - 6*h + 5. Let b(w) = -5*c(w) - 6*d(w). Calculate b(-3).
-8
Let n(f) = f**2 - 6*f + 8. Suppose -36*r = -38*r + 12. What is n(r)?
8
Suppose -c = 4*l + 1, -6*l + l + 5*c = -30. Let w = 3 - l. Let s(p) = 3*p**2 - 4*p + 3. What is s(w)?
7
Let w(a) = a - 1. Let s(v) = v**2 - 4*v + 4. Let o be (-8)/12 - (-10)/(-3). Let l(i) = o*w(i) - s(i). Let z be ((-4)/(-8))/((-2)/(-12)). Determine l(z).
-9
Let q(m) = m**3 + 6*m**2 + 5*m + 5. Let k be q(-5). Let b(p) = 3*p**2 - 3. Let i(z) = -7*z**2 + z + 7. Let r(w) = -9*b(w) - 4*i(w). Determine r(k).
4
Let h(j) = 3*j - 3. Let x(s) = 6*s - 5. Let p(u) = 11*h(u) - 6*x(u). Let n(g) = 3*g**3 + 3*g - 4*g**2 + 3 - 2*g**3 - 4. Let r be n(2). Give p(r).
6
Let c(d) = 2*d + 3. Suppose 8 = 2*u + 2*x, 3*u + 4*x = 6*u - 5. Suppose -2*r - u*r - 50 = -5*p, -20 = 5*r. Let h = p - 8. Determine c(h).
-1
Suppose -3 = -13*t - 81. Let a(d) = d + 7. Determine a(t).
1
Let x(c) be the first derivative of -c**2/2 - 2*c + 4. Calculate x(-2).
0
Let p(s) = 7*s + 2. Let j(l) = l**2 - 12*l - 26. Let b be j(14). Determine p(b).
16
Let v(n) = n**3 - 5*n**2 + n - 1. Suppose -11 = -2*p - 3. Determine v(p).
-13
Suppose -5*n + 2 = -8. Let g(u) = 2*u**2 - 2*u - 2. Calculate g(n).
2
Let l(z) be the third derivative of z**5/60 - 5*z**4/24 + z**3/6 - 17*z**2. Give l(2).
-5
Let t(c) be the second derivative of -c**4/12 + c**3/6 + c**2/2 + c. Suppose 0*q = -3*q + 12. Suppose q*o = -4*p + 2*o - 16, -5*p - 26 = 4*o. Determine t(p).
-5
Let h be (2/(-4))/((-1)/(-10)). Let r(j) = 422*j + 3*j**2 - 428*j - 4*j**2 - 3. Calculate r(h).
2
Let u(f) = -f**2 + 3*f + 8. Let h(n) = n + 1. Let i(c) = 4*h(c) - u(c). Determine i(-3).
2
Let x = 69 - 69. Let f(d) = -d + 10. Determine f(x).
10
Let d(x) be the second derivative of -x**7/2520 + 3*x**5/40 - 7*x**4/12 + 8*x. Let k(j) be the third derivative of d(j). Let o = 0 + 0. What is k(o)?
9
Let y(c) be the first derivative of -c**4/4 - c**3/3 + 3. Determine y(-1).
0
Suppose 3*n = 4*q + 4*n - 11, 2*q - n = 1. Suppose 0 = -2*l + q*b, -5*l - 5*b + 18 = -4*b. Let s(g) = 3 - 3 - g**3 - l - 4*g**2 - 5*g. Give s(-3).
3
Suppose -5 = 5*f - 0*f. Let i(x) = 2*x + 12 + 16 - 27 - 11*x**2. Calculate i(f).
-12
Let h(y) be the second derivative of -y**3/3 - y**2/2 - 11*y. Suppose 0*b = 2*b - 4. Determine h(b).
-5
Let r(t) = t + 4 - 3*t + t - 7. Calculate r(0).
-3
Let f(c) = -c**3 + 3*c**2 + 3*c. Let x(q) = 2*q - 3. Let a be x(3). Let y be a - (-3 - -19 - 1). Let t be (4/(-12))/(1/y). Calculate f(t).
-4
Let q(x) = x**3 - 2*x**2 + 6*x. Let p = 10 + -8. Let o(w) = 6*w**3 - 10*w**2 + 31*w - 1. Let u = 15 + -26. Let d(r) = p*o(r) + u*q(r). Give d(-3).
1
Let k(o) be the second derivative of o**5/20 - o**4/12 + o**2 + 21*o. Calculate k(0).
2
Let s(p) be the third derivative of -p**6/120 - p**5/12 + 5*p**4/24 - 4*p**3/3 - p**2. Suppose -x - x + 8 = 0. Suppose 0 = j + 2 + x. Calculate s(j).
-2
Let v(o) = -o + 7. Let i = 15 + -9. Let x = 0 + i. Calculate v(x).
1
Let c(x) be the first derivative of x**4/4 + 10*x**3/3 - x**2/2 + 5*x + 29. Give c(-10).
15
Let f(c) = -c**3 - 3*c**2 + c - 1. Let m be 31/2 - (-5)/(-10). Suppose -5*x = 4*y + m, 4*x + 12 = 6*y - 3*y. What is f(x)?
-4
Let g(r) = -29*r - 2. Let p(m) = -14*m - 1. Let i(a) = 2*g(a) - 5*p(a). Suppose -4*o + 5 = 3*d, 0 = -5*o + 3*o - 5*d + 13. Calculate i(o).
-11
Suppose 0 = 3*o - 8 - 22. Let s = 14 - o. Let l(b) = 2*b**2 - 6*b. Give l(s).
8
Let u(x) = 6*x**3 - x**2 + x. Let v(j) = j**2 + 2*j + 2. Let f be v(-3). Suppose -2*r + 13 = -4*m - 7, -f*r + m = -14. Suppose -5*k + 3 + r = 0. Determine u(k).
6
Let f = -47 + 39. Let v(m) = -m**2 - 7*m + 10. What is v(f)?
2
Let z = 19 + -14. Let k(u) be the third derivative of 1/2*u**3 + 0*u + u**2 + 0 + 1/8*u**4 + 1/120*u**6 - 1/10*u**5. What is k(z)?
-7
Suppose -2*s = -3*h - 15, 15 = -3*h - s - 2*s. Let z(k) = k**2 + 3*k - 1. Calculate z(h).
9
Let x(p) = -7*p**2 + 1. Let c be (-1 + 0)*(0 + 1). What is x(c)?
-6
Let n be -8 - (4/(-4) + -2). Let t(c) = -c**2 - 7*c + 6. Let o(f) = -f. Let x(i) = 4*o(i) - t(i). Give x(n).
4
Let s = 2 - 1. Let u(c) = -3 + c**2 + 1 - 4*c + s. Let b be u(3). Let l(j) = -j**3 - 6*j**2 - 7*j - 4. Calculate l(b).
-8
Let i(u) be the third derivative of u**6/120 + u**5/12 + u**4/8 - 22*u**2. What is i(-2)?
6
Let k(z) = 13*z**2 - 25*z - 11. Let o(b) = 7*b**2 - 13*b - 6. Let q(f) = -6*k(f) + 11*o(f). What is q(6)?
6
Let q = -3 + 1. Suppose 12 = 4*v - v. Let k(y) = v*y - 3*y - y + 1 + 4*y. What is k(q)?
-7
Let n(r) = 38 - 21 - r**2 - 5*r - 17. Suppose -27 = 5*w - 2. Give n(w).
0
Let c(r) be the second derivative of r**7/840 + r**6/72 - r**5/60 - r**4/6 - r**3/6 - 8*r. Let f(g) be the second derivative of c(g). Determine f(-5).
6
Let a(u) = u**3 + 5*u**2. Let p be (-1 + 7)/(12/8). Suppose -2*o - 10 = 2*r, 0 = -3*r + r - p*o - 10. Determine a(r).
0
Let d(r) be the first